 p. What is the units digit of f?
8
Suppose -5*z + 10*z = 45. Let a = z + -8. What is the units digit of (a + 0 - 9)/(-1)?
8
Let d be 50/(-35) + -3 + (-9)/(-21). What is the tens digit of 3/(30/d) + (-887)/(-5)?
7
Suppose 4*q + 3*f = -2*f + 24, 3*q - 5*f + 17 = 0. Suppose -u + 0 + q = 0. Let o = 35 - u. What is the tens digit of o?
3
Let n(h) = 523*h**2 + 2*h - 17. What is the hundreds digit of n(2)?
0
Suppose 0 = 4*f - 6*f + 128. Suppose -4*d = -f + 4. Suppose -d = 2*q - 5*q. What is the units digit of q?
5
What is the tens digit of (74/(-4)*1)/(14/(-308))?
0
Let l be ((-3)/(-2))/(6/(-16)). Let u be 1 + l + (2 - -6). Suppose 5*p + 2*h = 70, -p + u*h = -12 - 2. What is the units digit of p?
4
Let y = 45 - 42. Suppose -7 = -r - y*z, -3*r - 13 = -6*r - 5*z. What is the units digit of r?
1
Suppose 0 = -2*d + x - 3, -9 = 5*d - 3*x - 0*x. Suppose o = -0*m - m + 51, d = 3*m + 3. What is the tens digit of o?
5
Let i be (-4)/2*(-2)/4. Let z = -5 + 8. Suppose z*k - 10 = -i. What is the units digit of k?
3
Suppose -8 + 0 = 2*f. Let h be (-114)/(-18) + f/(-6). Suppose -2*u - h + 49 = 0. What is the units digit of u?
1
Suppose 4*w - 3*r - 1602 = 0, -3*w + 2*r + r + 1203 = 0. What is the hundreds digit of w?
3
Let x be (0 - (-9)/15)/((-1)/(-5)). Suppose 2*q = 0, 3*y + 3*q - 93 = x. What is the tens digit of y?
3
Suppose -5*v = -3*c - 5837, -2*v - 3*v + 2*c = -5838. Suppose 12*x = -4*x + v. What is the units digit of x?
3
Suppose 0 = 5*b, k + k + 14 = -3*b. Let o be 2/(-7) - 16/k. What is the tens digit of o*46/(-4)*-1?
2
Let i = -27 + 42. Let f(v) = v**3 - 14*v**2 - 11*v - 2. What is the units digit of f(i)?
8
Suppose -3 = 3*f + 6, 0 = -4*t + 3*f + 25. Suppose -366 = -4*n + t*h - 6*h, 0 = 5*h - 15. What is the tens digit of n?
9
Suppose 5*v - 50 + 15 = 0. Suppose -a + v = 5*x, -13 = -6*x + 3*x - 5*a. What is the tens digit of (39/6)/(x/6)?
3
Suppose 2*k - 6*k = -m - 3014, 3*k - 3*m = 2256. What is the hundreds digit of k?
7
Suppose 106 - 9198 = -5*f + 2*t, -4*f + 7260 = -5*t. What is the tens digit of f?
2
Let x(h) = h - 5. Let i be x(9). Suppose -10 - 10 = -i*u. Suppose -3*q - 4*l = -6*q + 64, 2*q = -u*l + 12. What is the units digit of q?
6
Suppose 5*c - 6*x - 3987 = -3*x, -2*x + 3992 = 5*c. What is the tens digit of c?
9
Let w = 20 - 13. Let o(x) = -x**2 + 6*x + 10. Let s be o(w). Suppose -3*n - k + 158 = k, 160 = s*n + k. What is the units digit of n?
4
Let r(d) = 4 + 0 + 4 - 7 - 3*d. Let m be r(2). Let y = m - -13. What is the units digit of y?
8
Suppose 4*a = 16, g = 2*a + a - 10. Suppose -2 = 2*t + g. Let b(z) = -3*z**3 - 2*z. What is the units digit of b(t)?
8
Let r be 32/(-12)*(-63)/6. Let a = 8 + r. What is the tens digit of a?
3
Suppose -263 = -4*t + 4*b + 145, -3*t + 299 = 4*b. What is the tens digit of t?
0
Let w(l) = 11*l + 1. Suppose -47 = 4*h + 37. Let s(f) = -45*f - 3. Let y(t) = h*w(t) - 5*s(t). What is the units digit of y(-6)?
0
What is the units digit of (-18)/3 + (-8027)/(-23)?
3
Let i be (2 - 1)*(-2 - -4). Let o = 5 - i. Suppose -4*m = -o*m - 15. What is the units digit of m?
5
What is the hundreds digit of (3 - (3 + -13))*117?
5
Let t = -103 - -144. Suppose -r + 209 = -t. What is the hundreds digit of r?
2
Suppose -24*v = 6*v - 36810. What is the units digit of v?
7
Let o(c) = 4*c**2 + 8*c - 3. What is the hundreds digit of o(-11)?
3
Suppose -q - 3*q - 2*h = -6, 2*h - 7 = -5*q. Let r be 2/q - 76/2. What is the units digit of 105/4 - r/48?
7
Let r be 22/88 + (-1198)/(-8). Suppose -3*x + w + r = 0, 0 = 2*x + w - 72 - 23. What is the tens digit of x?
4
Suppose 2*o + 3*o - 30 = 0. Let s(l) be the first derivative of l**4/4 - 5*l**3/3 - 3*l**2/2 - l - 203. What is the tens digit of s(o)?
1
Suppose -4*s + 46 = 3*u, 3*s + 2*s = u - 28. Let j(m) = 15*m**2. Let v be j(-1). Let b = u - v. What is the units digit of b?
3
Let j(f) = f + 8. Suppose 5*i + 5*q = -20, 3*q = -2*i - 8 - 5. Let z(d) = 1. Let t(h) = i*z(h) + j(h). What is the units digit of t(11)?
0
Let p be (-15 - 0)/((-21)/266). Suppose -f = f + p. Let i = -56 - f. What is the tens digit of i?
3
Suppose -22*l - 30 = -27*l. Let m be (-1 + 3)*l/4. Suppose -146 = -m*z + 43. What is the units digit of z?
3
Let s(y) = 403*y + 231. What is the units digit of s(4)?
3
Suppose -5*o = -0*o + 10. What is the units digit of (-30)/10*6*18/o?
2
Suppose -217 = -4*d + 2*g - 939, 3*d - 3*g = -543. Let a be d/(-16) + 2/(-8). Let t = a - 3. What is the units digit of t?
8
Suppose 5*z + 3*o + 0 = -25, -4*z = -5*o - 17. What is the units digit of 2*-31*(-1)/(-4)*z?
1
Let z = -44 - -68. Suppose 2*o - 6*o = -z. What is the units digit of o?
6
Suppose 0 = 4*j - 9*j - 25. Let l(o) = -o + 1. Let p be l(j). What is the tens digit of (6/4)/(p/76)?
1
Suppose 0 = 3*c + 5*u - 22, 3*c = 3*u + 2 + 4. What is the units digit of c?
4
Suppose 0 = -5*g - 2*n + 5, 3*g - 2*n = -4*n - 1. Suppose 424 = 3*a - 2*i, -3*a - a + 588 = g*i. What is the tens digit of a?
4
Let z(d) = d**2 + 22*d + 100. Let i be z(-12). Let p = 9 + -2. What is the tens digit of -42*(2 + i/p)?
3
Suppose 0 = -3*p + 4*l + 689 + 72, -4*p = 5*l - 963. Let d = p - 151. Let z = -35 + d. What is the units digit of z?
1
Suppose 3*f = f - 2*v + 1280, 2*f - 4*v = 1268. What is the units digit of f?
8
Let m = -10 - -12. Suppose -43 + 7 = m*c. Let r = -11 - c. What is the units digit of r?
7
Let k(t) = t**2 - 22*t + 70. Let i be k(18). Suppose 87 = 3*w - 39. Let f = w - i. What is the units digit of f?
4
Let l(t) be the first derivative of 1/3*t**3 - 3/2*t**2 - 1 - 4*t. What is the tens digit of l(7)?
2
Suppose -z - 74 = 2*s - 5*s, 3*z + 6 = 0. Suppose 5*v + s = 374. Suppose 5*m + 0*w - 139 = -w, -2*m - 4*w + v = 0. What is the units digit of m?
7
Suppose -3*g = s - 11, 5*s + 7 = -g + 20. What is the units digit of -3*(83/(-3) - s)?
9
Let d be (-6)/(-24) - 2313/4. What is the units digit of 18/(-108) + d/(-12)?
8
Suppose 7*c = 3*c - 2*v + 1820, -3*c + 1367 = v. What is the hundreds digit of c?
4
What is the thousands digit of ((-21684)/(-18))/((-3)/(-9)*1)?
3
What is the units digit of 1542/(7 + ((-2112)/(-40))/(-8))?
5
Let c(g) = -1 - 5*g + 4*g - 1 + 14. Let y be (-2)/3 - 4/(-6). What is the tens digit of c(y)?
1
Let o(k) = k + 3. Let t be o(-6). What is the tens digit of (-232)/(-4) - (t - 1)?
6
Let k(u) = -u + 2. Suppose 8 = -2*i - 2. Let o be k(i). Let a(z) = 2*z + 4. What is the tens digit of a(o)?
1
Suppose 3*j + 1 = 13. Let h(d) = d**2 - 6*d + 1. Let a be h(j). Let w = 0 - a. What is the units digit of w?
7
Suppose -8*r = -5*r + 3*b - 5424, -5*r = 2*b - 9031. What is the thousands digit of r?
1
Let r(i) = 8*i**2 - 24*i - 141. What is the thousands digit of r(-13)?
1
Suppose 12*w = 8*w - 72. Let q = w + 20. What is the units digit of q?
2
Suppose 0 = 8*o - 374 - 2914. What is the tens digit of o?
1
Suppose -5*b - 5*t = -535, -4*t + 320 = 4*b - b. Suppose -m = -0*m - b. What is the hundreds digit of m?
1
Let u = -405 + 689. Suppose m - 5*m = -u. What is the units digit of m?
1
What is the thousands digit of (3394/(-6))/((-8)/24)?
1
Let m be -12*2/(-3) + (3 - 6). Suppose -2160 = -7*c - m*c. What is the units digit of c?
0
Let f = -36 + 52. Let c be f/(-7) - 10/(-35). Let x = c + 13. What is the units digit of x?
1
Let x = 998 - 358. What is the hundreds digit of x?
6
Suppose 152 = -5*g + 672. Suppose 0 = -4*m + 20 - 8. Suppose 154 = m*f - p, -p = -2*f - 0*p + g. What is the units digit of f?
0
Suppose 5*y + k - 7 = 0, -3*k = y + 2*k + 13. What is the units digit of (-119)/(-2) + 1/y?
0
Suppose q - x = 0, 3*q + 0*x = -x + 8. Suppose 2*v = 4*m + 396 + q, -2*v + 386 = 2*m. What is the units digit of v?
5
Suppose -v = -4*v + 1122. Let z be (-9)/12 + v/8. Suppose -3*g - 18 = -4*g + 2*y, 3*g - z = 4*y. What is the units digit of g?
0
Suppose 44 = -3*g + 6*g + q, -5*q + 80 = 5*g. Let x(z) = -z**3 + 16*z**2 - 15*z + 39. What is the hundreds digit of x(g)?
2
Let c(w) = 181*w - 371*w + 189*w + 13*w**2 - 18. What is the hundreds digit of c(4)?
1
Suppose -4*p = u - 812, 10*p = 12*p + 5*u - 424. What is the hundreds digit of p?
2
What is the units digit of 7 + (3/9 - (-2000)/12)?
4
Let w be (2/4)/((-5)/70). Let r(s) = s**2 - s - 6. What is the tens digit of r(w)?
5
Let o = -39 - -251. What is the tens digit of o?
1
Let n(h) = 40*h + 137. What is the tens digit of n(